e -2*y - l*y + 495 = 0. Calculate the highest common divisor of y and 11.
11
Let l be (-1)/(14/(-6) - -2). Suppose z - 120 = -l*z. Calculate the highest common factor of z and 5.
5
Suppose 0 = 3*k - 19 - 2. Let u = -2 + k. Calculate the highest common factor of 15 and u.
5
Let a(y) = y**3 + 5*y**2 + y + 4. Let r be a(-4). Let k be (6*(-4)/(-60))/(2/240). Calculate the highest common factor of k and r.
16
Let i = 3 - 3. Suppose -g - 7 = -i. Let w be (g/(-3))/(3/9). Calculate the greatest common divisor of w and 7.
7
Let w = 93 + -37. What is the highest common factor of 7 and w?
7
Suppose -v = -4*t - 24, v + 2*t = 3*v - 18. Let h = 8 - v. What is the highest common divisor of h and 12?
4
Let k = 21 - 12. Suppose k*q - 4*q = 295. Suppose 49 = 3*n - q. What is the greatest common divisor of n and 90?
18
Let x = -951 + 1350. Calculate the greatest common divisor of 57 and x.
57
Let y = -21 + 17. Let j be 29 + y*3/(-4). What is the greatest common factor of 4 and j?
4
Let l be (-5)/((-20)/(-12)) + 111. Calculate the highest common divisor of 12 and l.
12
Suppose -t - 2*t + 48 = 0. What is the highest common factor of t and 8?
8
Let f be ((-6)/4)/((-3)/32). Suppose -2*n = n + 5*h - f, 0 = h - 2. Let z be (60/35)/(n/7). What is the highest common factor of z and 18?
6
Suppose 3*k = -0*k + 81. What is the greatest common factor of 18 and k?
9
Let d be (0 - (-27)/1)*7. What is the highest common factor of d and 27?
27
Let l be -2 + 6/4*4. Let y = 2 + l. Let s be 3/(3/2) + 0. Calculate the highest common divisor of s and y.
2
Let v = -108 + 225. What is the greatest common factor of 13 and v?
13
Suppose 7*x = 4*x + 108. Calculate the greatest common divisor of x and 9.
9
Suppose 4*r - 2 = 3*r. Suppose -5*z + 42 = -r*z. Calculate the highest common divisor of z and 98.
14
Suppose -4*w = 4*r - 28, -r - 5*w = 2*r - 31. What is the greatest common factor of 10 and r?
2
Let k(n) = -n**2 - 7*n - 9. Let d be k(-4). Suppose -5*f + f = -12. What is the greatest common factor of d and f?
3
Let v(t) = -t**3 + 9*t**2 - 8*t - 5. Let u be v(6). Let a(r) = -2*r - 7. Let l be a(-6). Calculate the greatest common divisor of l and u.
5
Suppose -3*q = -4*q + 3. Suppose -4*k - 17 + 45 = 0. Suppose 5*t + 4 = -3*r, 3*t + k*r = 2*r - 12. What is the highest common factor of t and q?
1
Suppose -44 = -4*f + 2*f. What is the greatest common factor of f and 33?
11
Let r(g) = -g**3 + 3. Let x be r(0). Suppose 17 = q - x*o, -o + 68 = -q + 5*q. Calculate the greatest common divisor of 68 and q.
17
Suppose -4*p = -2*u + 2, -u + 0*u - 2 = p. Let i be 111 + (p - -2)/(-1). Suppose 7*z + z = 80. What is the greatest common divisor of i and z?
10
Suppose -5*s = -2*s. Suppose s = 2*m - 7*m + 330. Calculate the highest common divisor of 6 and m.
6
Let n(x) = -x. Let u be n(-7). Suppose -5*g - 4*f = -820, u*f + 460 = 3*g + 3*f. What is the greatest common divisor of 16 and g?
16
Let y be (3/(3/(-4)))/(2/(-3)). Calculate the highest common divisor of y and 2.
2
Suppose 0 = -y + 21 - 12. What is the highest common factor of y and 18?
9
Let o be ((-5)/(-10))/(2/1056). Suppose -n = -5*n + o. Calculate the greatest common divisor of 11 and n.
11
Let h = 10 + 4. Suppose g + 3*g - 382 = 2*t, 2*g - 4*t = 176. What is the greatest common divisor of h and g?
14
Let y(k) = -11*k**2 - k. Let s be y(-1). Let u be s/(-5)*(-14)/(-4). Calculate the greatest common factor of u and 28.
7
Suppose -5*c - w + 6*w = -10, 5*w - 15 = 0. Suppose 0 = -c*h + h. Suppose h = -0*t + 5*t - 45. What is the greatest common divisor of 45 and t?
9
Suppose 0 = q - m - 5, 3*q + m - 23 = 2*m. What is the greatest common divisor of 54 and q?
9
Let c(t) = -t**3 - 2*t**2 - 2*t - 5. Let u be c(-4). Let i(p) = -2*p - 3. Let a be i(-4). What is the greatest common factor of u and a?
5
Suppose -7*m = -44 - 691. Calculate the greatest common divisor of 70 and m.
35
Let a be -1 - (3 + (-66 - -2)). Calculate the greatest common divisor of 90 and a.
30
Suppose 2*a - 5*j - 3 = 30, -a + 10 = 4*j. What is the greatest common factor of 7 and a?
7
Suppose 3 + 61 = 4*v. Let o(h) = -h**2 + h + 40. Let j be o(0). Calculate the highest common factor of v and j.
8
Suppose 3*y = -3*m + 78, -2*m + 47 = -y - 2. Calculate the greatest common factor of m and 5.
5
Suppose 4*v = 8*v. Suppose v = 3*k - 12. Let o = 13 - 3. Calculate the highest common divisor of k and o.
2
Suppose -r = -4*r - 6. Let o = r + 14. Suppose o - 7 = g. What is the greatest common divisor of g and 10?
5
Let x = 84 + -29. Suppose 4*p - 26 = 3*y, 3*p - 8 = 2*y + 11. What is the highest common factor of p and x?
5
Let k = -5 + 12. Calculate the greatest common factor of k and 49.
7
Let p = -31 - -135. Let x(t) = -5*t + 6*t + 12 - 4. Let h be x(5). What is the highest common divisor of h and p?
13
Let p be (-364)/(-6) - -2*2/(-6). What is the highest common factor of p and 12?
12
Suppose 422 = 12*g + 134. What is the greatest common factor of 60 and g?
12
Suppose 0 = 4*v + 4, 4*w + 3*v - 6*v = 11. Calculate the highest common divisor of w and 18.
2
Let l = 138 - 129. Let t(v) = v**2 + 2*v + 2. Let r be t(-2). Let i(a) = 8*a**2 + 2*a. Let f be i(r). What is the greatest common divisor of f and l?
9
Suppose -9*f + 95 = -14*f. Let c = f - -26. Calculate the greatest common divisor of c and 28.
7
Let v(w) = -w**2 + w. Let a(l) = 25*l**2 - 4*l + 4. Let d(f) = a(f) + 5*v(f). Let b be d(3). What is the highest common factor of b and 17?
17
Let y = 434 - 307. Suppose 3*t - y = 89. What is the highest common factor of t and 9?
9
Let t be (0 + 8/12)*6. Suppose -t*w + 16 = -2*w. What is the highest common factor of 64 and w?
8
Let d be (6/(-4))/((-1)/2). Suppose -d*q + 61 - 19 = 0. Suppose -2 + q = 3*t. Calculate the highest common factor of t and 2.
2
Suppose -3 = -2*t + 29. Suppose 0*m - t = -m. Suppose 0 = -5*x - 5*u, 0 = -x + u + 4 + 4. What is the greatest common factor of m and x?
4
Let l = -2 + 1. Let u(s) be the second derivative of -16*s**3/3 + 2*s. Let v be u(l). Calculate the highest common divisor of 4 and v.
4
Let t be (-27)/(-12)*(-112)/(-2). Let r(y) = y**3 - 2*y**2 - 5*y + 2. Let s be r(4). Calculate the highest common divisor of t and s.
14
Suppose 3*x - 478 = -127. Suppose 32*j - 37*j + 10 = 0. Let q(d) = d**2 + 5*d - 1. Let g be q(j). What is the greatest common divisor of g and x?
13
Suppose 0 = -0*c - 5*c + 25. Suppose 110 = c*h - 0*h. Calculate the greatest common divisor of 2 and h.
2
Let r(l) = l**3 + 4*l**2 + 2*l - 1. Let a be r(-3). Let s = a + 5. Let c = 1 - 0. What is the greatest common divisor of s and c?
1
Suppose -19*x + 13*x + 12 = 0. Let w be (-16)/(-3)*(2 + 1). What is the highest common divisor of w and x?
2
Let w(q) = 2*q**2 + 7*q - 19. Let t be w(3). Calculate the highest common factor of 80 and t.
20
Suppose 22 = 4*s - 42. Suppose 2*w - 94 = -g - 3*g, -2*g + 44 = 4*w. What is the highest common divisor of s and g?
8
Let y = -24 + 27. Suppose -y*i + 42 = o, 4*o - 128 = -3*i + i. Calculate the highest common factor of o and 3.
3
Let r = -7 + 23. What is the greatest common divisor of 2 and r?
2
Let g = 98 - 189. Let a be (-838)/(-6) - (-1)/3. Let t = g + a. What is the greatest common divisor of t and 7?
7
Let r(x) = -x**2 + x + 4. Let o be r(0). Suppose 5*c - 4*c - o*h - 34 = 0, -3*h - 36 = -c. Calculate the greatest common divisor of 28 and c.
14
Let i be 2211/21 + 6/(-21). Suppose 2*r = 3*r - 15. What is the greatest common factor of r and i?
15
Let h(p) = -p**3 + 6*p**2 + 2*p - 3. Let x be h(6). Let g = -5 + x. Calculate the greatest common factor of 36 and g.
4
Suppose 4*t + 4*g + 4 = 0, t + 2*g = -3*t + 4. Suppose h - 3*f + 83 = t*h, 3*h - 124 = -4*f. Let p = 56 - h. Calculate the greatest common divisor of 40 and p.
8
Let i(x) = x**3 + 6*x**2 - 7. Let q be i(-5). Let k be (-2)/8 + q/8. Calculate the highest common factor of 4 and k.
2
Suppose 10 = -k + 5*a, -4*k = -k + a - 2. Suppose -3*v + 51 + 81 = k. Calculate the greatest common divisor of 22 and v.
22
Let r = -12 - -6. Let a be (5*1)/(r/12). Let q be (-6)/a - 28/(-20). What is the highest common factor of 2 and q?
2
Let t(r) = 95*r - 3. Let s be t(2). Calculate the greatest common divisor of 17 and s.
17
Suppose -2 = -4*c + 2. Let d be (c/3)/1*42. What is the greatest common divisor of d and 7